{"id":1353,"date":"2025-10-08T11:54:07","date_gmt":"2025-10-08T08:54:07","guid":{"rendered":"https:\/\/babaambalaj.com\/?page_id=1353"},"modified":"2025-11-04T08:45:58","modified_gmt":"2025-11-04T05:45:58","slug":"islak-mendil","status":"publish","type":"page","link":"https:\/\/babaambalaj.com\/index.php\/islak-mendil\/","title":{"rendered":"Islak Mendil"},"content":{"rendered":"\n<div class=\"wp-block-columns is-layout-flex wp-container-core-columns-is-layout-28f84493 wp-block-columns-is-layout-flex\">\n<div class=\"wp-block-column is-layout-flow wp-block-column-is-layout-flow\" style=\"flex-basis:66.66%\">\n<h2 class=\"wp-block-heading\"><strong>Markan\u0131z\u0131n Fark\u0131n\u0131 Yans\u0131t\u0131n: Bask\u0131l\u0131 Islak Mendiller<\/strong><\/h2>\n\n\n\n<p><mark style=\"background-color:rgba(0, 0, 0, 0);color:#000000\" class=\"has-inline-color\"><strong>Baba Ambalaj<\/strong> olarak, bir \u0131slak mendilin sadece temizlikten fazlas\u0131 oldu\u011funu biliyoruz. \u00dcr\u00fcnlerimiz, markan\u0131z\u0131n kalitesini m\u00fc\u015fterinize hissettiren, hijyenik ve etkili birer tan\u0131t\u0131m arac\u0131d\u0131r.<\/mark><\/p>\n\n\n\n<h3 class=\"wp-block-heading\"><strong>\u0130\u015fletmenize \u00d6zel \u00c7\u00f6z\u00fcm<\/strong><\/h3>\n\n\n\n<p><mark style=\"background-color:rgba(0, 0, 0, 0);color:#000000\" class=\"has-inline-color\"><strong>Restoran ve kafeler<\/strong> i\u00e7in ideal olan bask\u0131l\u0131 \u0131slak mendiller, m\u00fc\u015fterilerinize sundu\u011funuz hizmetin bir par\u00e7as\u0131d\u0131r. Mendil paketinin \u00fczerinde <strong>markan\u0131z\u0131n s\u00fcrekli g\u00f6r\u00fcn\u00fcrl\u00fc\u011f\u00fcn\u00fc<\/strong> sa\u011flayarak, adeta bir <strong>kartvizit etkisi<\/strong> yarat\u0131r ve m\u00fc\u015fteri memnuniyetini an\u0131nda art\u0131r\u0131r.<\/mark><\/p>\n\n\n\n<h3 class=\"wp-block-heading\"><strong>Her Yerde An\u0131nda Hijyen<\/strong><\/h3>\n\n\n\n<p><mark style=\"background-color:rgba(0, 0, 0, 0);color:#000000\" class=\"has-inline-color\">Islak mendillerimiz, hayat\u0131n\u0131z\u0131n her an\u0131nda yan\u0131n\u0131zda: <strong>Evde, ofiste ve yolda<\/strong> an\u0131nda hijyen sa\u011flayan <strong>pratik bir kurtar\u0131c\u0131d\u0131r<\/strong>. Ho\u015f kokusu sayesinde temizli\u011fin yan\u0131 s\u0131ra ferahl\u0131k hissi de verir.<\/mark><\/p>\n\n\n\n<h3 class=\"wp-block-heading\"><strong>Sa\u011fl\u0131k ve Kalite Garantisi<\/strong><\/h3>\n\n\n\n<p><mark style=\"background-color:rgba(0, 0, 0, 0);color:#000000\" class=\"has-inline-color\"><strong>Baba Ambalaj<\/strong> olarak, en hassas konuya \u00f6ncelik veriyoruz. \u00dcr\u00fcnlerimiz, <strong>sa\u011fl\u0131k riski olu\u015fturmayacak \u015fekilde y\u00fcksek hijyen standartlar\u0131nda<\/strong> \u00fcretilir. Is\u0131 ve \u0131\u015f\u0131\u011fa dayan\u0131kl\u0131, <strong>birinci s\u0131n\u0131f ambalajlarla<\/strong> korunarak size ula\u015ft\u0131r\u0131l\u0131r. Bu sayede, hem kendinizin hem de m\u00fc\u015fterilerinizin sa\u011fl\u0131\u011f\u0131n\u0131 g\u00fcvenle korursunuz.<\/mark><\/p>\n\n\n\n<p><mark style=\"background-color:rgba(0, 0, 0, 0);color:#000000\" class=\"has-inline-color\">Markan\u0131za \u00f6zel, y\u00fcksek kaliteli <strong>bask\u0131l\u0131 \u0131slak mendil<\/strong> ve toptan sipari\u015f fiyatlar\u0131 hakk\u0131nda detayl\u0131 bilgi almak i\u00e7in hemen bizimle ileti\u015fime ge\u00e7in.<\/mark><\/p>\n\n\n\n<p><mark style=\"background-color:rgba(0, 0, 0, 0)\" class=\"has-inline-color has-ast-global-color-8-color\"><strong>Baba Ambalaj<\/strong> \u2013 Temizli\u011fi ve Tan\u0131t\u0131m\u0131 Bir Arada Sunar.<\/mark><\/p>\n<\/div>\n\n\n\n<div class=\"wp-block-column is-layout-flow wp-block-column-is-layout-flow\" style=\"flex-basis:33.33%\">\n<figure class=\"wp-block-image size-large\"><img fetchpriority=\"high\" decoding=\"async\" width=\"612\" height=\"1024\" src=\"https:\/\/babaambalaj.com\/wp-content\/uploads\/2025\/10\/Gemini_Generated_Image_2yaxqe2yaxqe2yax-1-612x1024.png\" alt=\"\" class=\"wp-image-1354\" srcset=\"https:\/\/babaambalaj.com\/wp-content\/uploads\/2025\/10\/Gemini_Generated_Image_2yaxqe2yaxqe2yax-1-612x1024.png 612w, https:\/\/babaambalaj.com\/wp-content\/uploads\/2025\/10\/Gemini_Generated_Image_2yaxqe2yaxqe2yax-1-179x300.png 179w, https:\/\/babaambalaj.com\/wp-content\/uploads\/2025\/10\/Gemini_Generated_Image_2yaxqe2yaxqe2yax-1.png 618w\" sizes=\"(max-width: 612px) 100vw, 612px\" \/><\/figure>\n<\/div>\n<\/div>\n\n\n\n<div class=\"wp-block-buttons is-layout-flex wp-block-buttons-is-layout-flex\">\n<div class=\"wp-block-button\"><a class=\"wp-block-button__link wp-element-button\" href=\"https:\/\/babaambalaj.com\/index.php\/teklif-al\/\">TEKL\u0130F AL<\/a><\/div>\n<\/div>\n\n\n\n<p><\/p>\n","protected":false},"excerpt":{"rendered":"<p>Markan\u0131z\u0131n Fark\u0131n\u0131 Yans\u0131t\u0131n: Bask\u0131l\u0131 Islak Mendiller Baba Ambalaj olarak, bir \u0131slak mendilin sadece temizlikten fazlas\u0131 oldu\u011funu biliyoruz. \u00dcr\u00fcnlerimiz, markan\u0131z\u0131n kalitesini [&hellip;]<\/p>\n","protected":false},"author":4,"featured_media":0,"parent":0,"menu_order":0,"comment_status":"closed","ping_status":"closed","template":"","meta":{"om_disable_all_campaigns":false,"_surecart_dashboard_logo_width":"180px","_surecart_dashboard_show_logo":true,"_surecart_dashboard_navigation_orders":true,"_surecart_dashboard_navigation_invoices":true,"_surecart_dashboard_navigation_subscriptions":true,"_surecart_dashboard_navigation_downloads":true,"_surecart_dashboard_navigation_billing":true,"_surecart_dashboard_navigation_account":true,"_uag_custom_page_level_css":"","_monsterinsights_skip_tracking":false,"_monsterinsights_sitenote_active":false,"_monsterinsights_sitenote_note":"","_monsterinsights_sitenote_category":0,"_uf_show_specific_survey":0,"_uf_disable_surveys":false,"site-sidebar-layout":"default","site-content-layout":"","ast-site-content-layout":"default","site-content-style":"default","site-sidebar-style":"default","ast-global-header-display":"","ast-banner-title-visibility":"","ast-main-header-display":"","ast-hfb-above-header-display":"","ast-hfb-below-header-display":"","ast-hfb-mobile-header-display":"","site-post-title":"","ast-breadcrumbs-content":"","ast-featured-img":"","footer-sml-layout":"","ast-disable-related-posts":"","theme-transparent-header-meta":"","adv-header-id-meta":"","stick-header-meta":"","header-above-stick-meta":"","header-main-stick-meta":"","header-below-stick-meta":"","astra-migrate-meta-layouts":"default","ast-page-background-enabled":"default","ast-page-background-meta":{"desktop":{"background-color":"var(--ast-global-color-5)","background-image":"","background-repeat":"repeat","background-position":"center center","background-size":"auto","background-attachment":"scroll","background-type":"","background-media":"","overlay-type":"","overlay-color":"","overlay-opacity":"","overlay-gradient":""},"tablet":{"background-color":"","background-image":"","background-repeat":"repeat","background-position":"center center","background-size":"auto","background-attachment":"scroll","background-type":"","background-media":"","overlay-type":"","overlay-color":"","overlay-opacity":"","overlay-gradient":""},"mobile":{"background-color":"","background-image":"","background-repeat":"repeat","background-position":"center center","background-size":"auto","background-attachment":"scroll","background-type":"","background-media":"","overlay-type":"","overlay-color":"","overlay-opacity":"","overlay-gradient":""}},"ast-content-background-meta":{"desktop":{"background-color":"var(--ast-global-color-4)","background-image":"","background-repeat":"repeat","background-position":"center center","background-size":"auto","background-attachment":"scroll","background-type":"","background-media":"","overlay-type":"","overlay-color":"","overlay-opacity":"","overlay-gradient":""},"tablet":{"background-color":"var(--ast-global-color-4)","background-image":"","background-repeat":"repeat","background-position":"center center","background-size":"auto","background-attachment":"scroll","background-type":"","background-media":"","overlay-type":"","overlay-color":"","overlay-opacity":"","overlay-gradient":""},"mobile":{"background-color":"var(--ast-global-color-4)","background-image":"","background-repeat":"repeat","background-position":"center center","background-size":"auto","background-attachment":"scroll","background-type":"","background-media":"","overlay-type":"","overlay-color":"","overlay-opacity":"","overlay-gradient":""}},"footnotes":""},"class_list":["post-1353","page","type-page","status-publish","hentry"],"aioseo_notices":[],"uagb_featured_image_src":{"full":false,"thumbnail":false,"medium":false,"medium_large":false,"large":false,"1536x1536":false,"2048x2048":false},"uagb_author_info":{"display_name":"Polat Kianfar","author_link":"https:\/\/babaambalaj.com\/index.php\/author\/polatk\/"},"uagb_comment_info":0,"uagb_excerpt":"Markan\u0131z\u0131n Fark\u0131n\u0131 Yans\u0131t\u0131n: Bask\u0131l\u0131 Islak Mendiller Baba Ambalaj olarak, bir \u0131slak mendilin sadece temizlikten fazlas\u0131 oldu\u011funu biliyoruz. \u00dcr\u00fcnlerimiz, markan\u0131z\u0131n kalitesini [&hellip;]","_links":{"self":[{"href":"https:\/\/babaambalaj.com\/index.php\/wp-json\/wp\/v2\/pages\/1353","targetHints":{"allow":["GET"]}}],"collection":[{"href":"https:\/\/babaambalaj.com\/index.php\/wp-json\/wp\/v2\/pages"}],"about":[{"href":"https:\/\/babaambalaj.com\/index.php\/wp-json\/wp\/v2\/types\/page"}],"author":[{"embeddable":true,"href":"https:\/\/babaambalaj.com\/index.php\/wp-json\/wp\/v2\/users\/4"}],"replies":[{"embeddable":true,"href":"https:\/\/babaambalaj.com\/index.php\/wp-json\/wp\/v2\/comments?post=1353"}],"version-history":[{"count":2,"href":"https:\/\/babaambalaj.com\/index.php\/wp-json\/wp\/v2\/pages\/1353\/revisions"}],"predecessor-version":[{"id":2276,"href":"https:\/\/babaambalaj.com\/index.php\/wp-json\/wp\/v2\/pages\/1353\/revisions\/2276"}],"wp:attachment":[{"href":"https:\/\/babaambalaj.com\/index.php\/wp-json\/wp\/v2\/media?parent=1353"}],"curies":[{"name":"wp","href":"https:\/\/api.w.org\/{rel}","templated":true}]}}